
Does 11 divide 233018?
False
Is 33 a factor of 2264511051?
True
Is 4986442382 a multiple of 111?
False
Is 2545290 a multiple of 90?
True
Does 141 divide 30253524?
True
Does 6 divide 599672833?
False
Does 165 divide 5571029?
False
Is 2 a factor of 46471463?
False
Is 657145742 a multiple of 1334?
True
Is 826 a factor of 771170946?
True
Does 162 divide 2792276873?
False
Does 42 divide 162203508?
False
Is 18 a factor of 25056709?
False
Does 34 divide 7521460?
False
Is 109 a factor of 20307092?
False
Is 13 a factor of 3043182?
False
Is 53408247 a multiple of 254?
False
Is 38 a factor of 1406117824?
False
Does 361 divide 1716645250?
True
Does 20 divide 1472679420?
True
Is 179 a factor of 3220782?
False
Does 119 divide 6088397?
True
Is 8050 a factor of 405343072?
False
Does 766 divide 54231268?
True
Is 1323922375 a multiple of 95?
True
Does 901 divide 143057176?
True
Is 43 a factor of 20218600?
True
Is 12 a factor of 147229104?
True
Is 7265526 a multiple of 6?
True
Is 88 a factor of 5351808?
True
Does 267 divide 261499791?
False
Is 54 a factor of 218755080?
True
Is 26018004 a multiple of 4391?
False
Does 904 divide 3835433429?
False
Is 3567819252 a multiple of 40?
False
Does 20 divide 26023720?
True
Does 776 divide 758425152?
True
Is 86 a factor of 54408428?
False
Is 1955 a factor of 15248760?
False
Is 10008 a factor of 546240611?
False
Is 14 a factor of 218653075?
False
Is 11635904 a multiple of 76?
True
Is 334769568 a multiple of 588?
True
Is 364 a factor of 159683524?
True
Is 247785986 a multiple of 7?
True
Is 2393 a factor of 27950240?
True
Is 1637373540 a multiple of 55?
True
Is 23134008 a multiple of 469?
False
Does 4555 divide 1936303170?
True
Is 304636619 a multiple of 7?
True
Is 2649662963 a multiple of 10?
False
Does 857 divide 43992880?
False
Does 2801 divide 250064877?
True
Is 61062993 a multiple of 7?
False
Is 1366097795 a multiple of 55?
False
Does 1190 divide 10750289?
False
Does 67 divide 3377068?
True
Is 645 a factor of 86034615?
True
Is 101 a factor of 4062220?
True
Is 455 a factor of 171205531?
False
Is 291572775 a multiple of 15?
True
Is 14243310 a multiple of 710?
True
Is 562627000 a multiple of 3250?
True
Is 66 a factor of 76355877?
False
Is 13 a factor of 2663139?
False
Is 364 a factor of 38657528?
True
Is 665 a factor of 54485567?
False
Is 153917 a multiple of 1278?
False
Is 322 a factor of 5631824?
False
Is 2703342650 a multiple of 7905?
False
Does 34 divide 408982736?
True
Is 16854175 a multiple of 8?
False
Is 795846706 a multiple of 26?
False
Is 7 a factor of 3517321?
False
Is 456052041 a multiple of 843?
True
Is 226394569 a multiple of 120?
False
Is 502766250 a multiple of 5250?
True
Does 3 divide 505769448?
True
Is 227059265 a multiple of 3889?
True
Does 1462 divide 37633468?
False
Is 128 a factor of 8865038?
False
Is 1320 a factor of 22898834?
False
Does 174 divide 55873140?
True
Does 1413 divide 173035190?
False
Is 162310408 a multiple of 319?
False
Does 3 divide 214979400?
True
Does 30 divide 77444072?
False
Is 732767605 a multiple of 3?
False
Is 319 a factor of 223563271?
False
Is 3897 a factor of 115057477?
False
Is 169164170 a multiple of 686?
True
Does 46 divide 206676095?
False
Is 41 a factor of 54791580?
True
Does 31 divide 98753395?
False
Is 10 a factor of 363338431?
False
Does 1237 divide 142425880?
False
Does 99 divide 9205515?
True
Does 10 divide 4459560?
True
Does 777 divide 280358348?
False
Does 2 divide 441348457?
False
Does 678 divide 95403785?
False
Does 65 divide 88384010?
True
Does 196 divide 192541776?
True
Is 641444362 a multiple of 8023?
False
Is 4085 a factor of 504444395?
True
Is 3998324 a multiple of 4?
True
Is 2234 a factor of 37645568?
False
Does 18 divide 5799062?
False
Is 27 a factor of 130448605?
False
Is 115079814 a multiple of 9?
True
Is 35524170 a multiple of 10?
True
Does 5 divide 2327469?
False
Does 851 divide 20625066?
False
Is 3 a factor of 341982?
True
Does 17 divide 4560284?
True
Does 75 divide 103537134?
False
Is 111 a factor of 12763668?
True
Does 10 divide 246145190?
True
Is 99864204 a multiple of 11?
True
Does 21 divide 87421950?
True
Is 845452077 a multiple of 111?
False
Is 2018 a factor of 128023938?
True
Is 3929 a factor of 140190649?
True
Is 47 a factor of 40392975?
True
Is 65262000 a multiple of 300?
True
Is 27 a factor of 29238991?
False
Does 581 divide 64525860?
True
Does 27 divide 48455712?
True
Is 1509 a factor of 1095147696?
True
Does 4285 divide 279270399?
False
Is 725 a factor of 59371094?
False
Is 64 a factor of 457472?
True
Does 818 divide 8278160?
True
Does 223 divide 1834832181?
True
Is 186457694 a multiple of 25?
False
Is 664538260 a multiple of 1996?
True
Is 189 a factor of 614488518?
True
Is 859032636 a multiple of 431?
False
Is 87276 a multiple of 1039?
True
Is 428 a factor of 2137144384?
True
Is 1478 a factor of 79543695?
False
Is 689791842 a multiple of 1472?
False
Is 4151238237 a multiple of 96?
False
Is 142014430 a multiple of 17?
True
Is 48 a factor of 1350565200?
True
Is 25006128 a multiple of 53?
False
Is 17 a factor of 143323922?
False
Is 869 a factor of 24478792?
False
Is 32396838 a multiple of 11?
False
Is 46258800 a multiple of 70?
True
Does 24 divide 2905248?
True
Is 38481930 a multiple of 90?
True
Is 3737567 a multiple of 3?
False
Does 60 divide 71184863?
False
Is 126731304 a multiple of 469?
True
Is 394566433 a multiple of 86?
False
Is 2411531070 a multiple of 390?
True
Is 56279751 a multiple of 33?
True
Is 46237960 a multiple of 680?
True
Does 7 divide 2495772521?
False
Is 333486344 a multiple of 330?
False
Is 241 a factor of 200134811?
False
Is 37541850 a multiple of 160?
False
Does 64 divide 60829760?
True
Does 368 divide 187254592?
True
Is 13222826 a multiple of 29?
False
Is 97 a factor of 29972030?
True
Does 155 divide 84752760?
True
Does 71 divide 1726998675?
True
Does 3501 divide 1629761013?
True
Is 1373514 a multiple of 3?
True
Is 9 a factor of 6645393?
True
Does 10 divide 28305000?
True
Is 517134540 a multiple of 1655?
True
Does 66 divide 29630903?
False
Is 22 a factor of 12677636?
False
Is 267 a factor of 5733291?
True
Is 22 a factor of 117472784?
True
Is 3175777 a multiple of 1140?
False
Is 13093175 a multiple of 1193?
True
Is 705199638 a multiple of 133?
False
Is 328 a factor of 9798672?
True
Is 743294260 a multiple of 21?
False
Does 11 divide 1985933939?
True
Is 463 a factor of 89360852?
True
Is 18631506 a multiple of 1624?
False
Is 110 a factor of 9531190?
False
Is 6762 a factor of 3615769878?
True
Is 1896253778 a multiple of 26?
False
Is 8848852470 a multiple of 15?
True
Is 626588102 a multiple of 33?
False
Is 14380391 a multiple of 116?
False
Is 9 a factor of 202474440?
True
Is 2103 a factor of 745414659?
True
Does 3 divide 15555003?
True
Is 103 a factor of 1891821085?
True
Is 551 a factor of 27187442?
True
Is 162 a factor of 116592101?
False
Is 40086676 a multiple of 734?
True
Is 524 a factor of 3870542244?
True
Is 336 a factor of 46012184?
False
Is 2219 a factor of 124423768?
True
Is 400791947 a multiple of 215?
False
Is 512 a factor of 86263996?
False
Does 201 divide 217367832?
True
Does 154 divide 207975152?
True
Does 4 divide 645293?
False
Does 3512 divide 214951960?
True
Is 3768581 a multiple of 501?
False
Is 14 a factor of 244757814?
True
Does 447 divide 3341371488?
True
Is 11 a factor of 1010502306?
True
Is 1397369 a multiple of 9?
False
Is 16117092 a multiple of 114?
True
Does 1344 divide 1334438784?
True
Is 532 a factor of 154965249?
False
Does 470 divide 9198160?
False
Is 782 a factor of 1250384374?
True
Is 23 a factor of 226391501?
False
Is 4096848 a multiple of 16?
True
Is 67588506 a multiple of 9?
True
Is 24 a factor of 32910810?
False
Is 2218597770 a multiple of 388?
False
Is 13089220 a multiple of 19?
False
Is 154 a factor of 1681940722?
True
Is 113 a factor of 69634216?
True
Does 4639 divide 672628752?
False
Is 16 a factor of 23046752?
True
Does 4 divide 45202688?
True
Does 558 divide 27525024?
True
Is 156 a factor of 38188956?
True
Is 305 a factor of 181388685?
True
Is 2181080213 a multiple of 12?
False
Is 617641785 a multiple of 114?
False
Is 1285 a factor of 474847335?
True
Does 1123 divide 1887613641?
True
Is 29 a factor of 105214357?
False
Is 2081121727 a multiple of 2034?
False
Does 6272 divide 462104